emainder when 221543 is divided by 5403.
20
Calculate the remainder when 1972 is divided by 144.
100
Calculate the remainder when 6310 is divided by 1232.
150
What is the remainder when 97468 is divided by 23?
17
Calculate the remainder when 12936 is divided by 16.
8
What is the remainder when 1621 is divided by 31?
9
Calculate the remainder when 167486 is divided by 81.
59
Calculate the remainder when 110531 is divided by 75.
56
Calculate the remainder when 39719 is divided by 227.
221
What is the remainder when 889 is divided by 308?
273
What is the remainder when 15664 is divided by 2223?
103
Calculate the remainder when 382482 is divided by 593.
590
Calculate the remainder when 22286 is divided by 31.
28
What is the remainder when 24664 is divided by 62?
50
Calculate the remainder when 2855 is divided by 151.
137
What is the remainder when 61484 is divided by 72?
68
What is the remainder when 39762 is divided by 154?
30
What is the remainder when 58303 is divided by 19431?
10
What is the remainder when 3407 is divided by 3375?
32
Calculate the remainder when 912689 is divided by 100.
89
What is the remainder when 87120 is divided by 137?
125
Calculate the remainder when 68415 is divided by 9.
6
Calculate the remainder when 17530 is divided by 18.
16
Calculate the remainder when 195932 is divided by 723.
722
What is the remainder when 19833 is divided by 575?
283
What is the remainder when 34338 is divided by 223?
219
Calculate the remainder when 1591 is divided by 211.
114
What is the remainder when 56502 is divided by 6?
0
Calculate the remainder when 751099 is divided by 22.
19
Calculate the remainder when 958 is divided by 360.
238
Calculate the remainder when 136777 is divided by 34180.
57
Calculate the remainder when 10909 is divided by 102.
97
What is the remainder when 13169323 is divided by 15?
13
What is the remainder when 118141 is divided by 128?
125
What is the remainder when 367 is divided by 28?
3
What is the remainder when 362267 is divided by 10350?
17
What is the remainder when 57892 is divided by 579?
571
Calculate the remainder when 5325 is divided by 43.
36
Calculate the remainder when 4984 is divided by 30.
4
Calculate the remainder when 13167 is divided by 366.
357
Calculate the remainder when 42059 is divided by 2102.
19
Calculate the remainder when 71991 is divided by 48.
39
Calculate the remainder when 2559 is divided by 174.
123
What is the remainder when 1011871 is divided by 167?
18
What is the remainder when 125531 is divided by 12?
11
What is the remainder when 4155 is divided by 590?
25
Calculate the remainder when 2751 is divided by 32.
31
What is the remainder when 38279 is divided by 919?
600
Calculate the remainder when 1214 is divided by 1025.
189
Calculate the remainder when 11239 is divided by 531.
88
Calculate the remainder when 22781 is divided by 89.
86
What is the remainder when 10533 is divided by 621?
597
Calculate the remainder when 607 is divided by 215.
177
Calculate the remainder when 473916 is divided by 553.
548
What is the remainder when 126645 is divided by 25?
20
What is the remainder when 486637 is divided by 385?
382
What is the remainder when 967 is divided by 203?
155
Calculate the remainder when 2477 is divided by 31.
28
What is the remainder when 612 is divided by 204?
0
Calculate the remainder when 138674 is divided by 27730.
24
Calculate the remainder when 15025 is divided by 557.
543
Calculate the remainder when 3643 is divided by 24.
19
What is the remainder when 244489 is divided by 282?
277
What is the remainder when 3133 is divided by 398?
347
Calculate the remainder when 11776 is divided by 1625.
401
Calculate the remainder when 31202 is divided by 29.
27
Calculate the remainder when 5549 is divided by 1381.
25
What is the remainder when 20770 is divided by 2077?
0
What is the remainder when 1486 is divided by 448?
142
Calculate the remainder when 133167 is divided by 574.
573
What is the remainder when 9746 is divided by 1382?
72
What is the remainder when 684 is divided by 225?
9
What is the remainder when 39535 is divided by 573?
571
Calculate the remainder when 897831 is divided by 401.
393
What is the remainder when 2353 is divided by 669?
346
Calculate the remainder when 154850 is divided by 35.
10
What is the remainder when 1216 is divided by 105?
61
What is the remainder when 3112 is divided by 3112?
0
What is the remainder when 3217 is divided by 3097?
120
What is the remainder when 93139 is divided by 237?
235
What is the remainder when 4851 is divided by 243?
234
What is the remainder when 19108 is divided by 68?
0
Calculate the remainder when 48168 is divided by 1043.
190
What is the remainder when 302 is divided by 262?
40
What is the remainder when 35940 is divided by 29?
9
What is the remainder when 83139 is divided by 62?
59
Calculate the remainder when 17470 is divided by 397.
2
What is the remainder when 12125 is divided by 32?
29
Calculate the remainder when 27634 is divided by 13812.
10
What is the remainder when 336746 is divided by 14641?
3
Calculate the remainder when 3635 is divided by 750.
635
What is the remainder when 23855 is divided by 437?
257
What is the remainder when 2403 is divided by 501?
399
What is the remainder when 912 is divided by 96?
48
Calculate the remainder when 5074 is divided by 171.
115
Calculate the remainder when 153746 is divided by 476.
474
What is the remainder when 115257 is divided by 10?
7
Calculate the remainder when 5084 is divided by 723.
23
What is the remainder when 88149 is divided by 2938?
9
What is the remainder when 577611 is divided by 16?
11
What is the remainder when 43548 is divided by 8?
4
What is the remainder when 4381 is divided by 2188?
5
Calculate the remainder when 12333 is divided by 33.
24
What is the remainder when 732076 is divided by 20?
16
Calculate the remainder when 28925 is divided by 28906.
19
What is the remainder when 1277393 is divided by 1289?
1283
Calculate the remainder when 120304 is divided by 85.
29
Calculate the remainder when 3280 is divided by 58.
32
What is the remainder when 598957 is divided by 8?
5
What is the remainder when 60770 is divided by 425?
420
What is the remainder when 93261 is divided by 46628?
5
What is the remainder when 13197 is divided by 1179?
228
What is the remainder when 14664 is divided by 1764?
552
Calculate the remainder when 15335 is divided by 174.
23
What is the remainder when 436741 is divided by 3?
1
What is the remainder when 124497 is divided by 249?
246
Calculate the remainder when 231327 is divided by 216.
207
What is the remainder when 10097 is divided by 8?
1
Calculate the remainder when 78042 is divided by 17.
12
Calculate the remainder when 118602 is divided by 365.
342
What is the remainder when 275714 is divided by 33?
32
What is the remainder when 143435 is divided by 20486?
33
Calculate the remainder when 20442 is divided by 247.
188
What is the remainder when 4409 is divided by 21?
20
What is the remainder when 1911 is divided by 202?
93
Calculate the remainder when 18441 is divided by 478.
277
What is the remainder when 12469 is divided by 4155?
4
What is the remainder when 5357 is divided by 83?
45
Calculate the remainder when 11223 is divided by 263.
177
What is the remainder when 194022 is divided by 52?
10
What is the remainder when 73231 is divided by 1078?
1005
What is the remainder when 871133 is divided by 5?
3
What is the remainder when 421 is divided by 207?
7
What is the remainder when 853294 is divided by 48?
46
What is the remainder when 24198 is divided by 191?
132
What is the remainder when 2579039 is divided by 160?
159
Calculate the remainder when 12906 is divided by 14.
12
Calculate the remainder when 2889 is divided by 155.
99
What is the remainder when 134425 is divided by 1034?
5
Calculate the remainder when 97023 is divided by 724.
7
What is the remainder when 235 is divided by 29?
3
What is the remainder when 3849 is divided by 22?
21
What is the remainder when 599 is divided by 47?
35
Calculate the remainder when 5057 is divided by 201.
32
What is the remainder when 82388 is divided by 28?
12
Calculate the remainder when 537280 is divided by 1238.
1226
What is the remainder when 92115 is divided by 39?
3